
What is -3 (base 9) in base 8?
-3
-97 (base 15) to base 13
-ac
What is -37 (base 16) in base 13?
-43
Convert 285 (base 9) to base 11.
1a8
What is 106 (base 15) in base 5?
1411
What is 1 (base 6) in base 3?
1
5 (base 14) to base 13
5
-1 (base 9) to base 14
-1
What is 12 (base 4) in base 2?
110
Convert 11 (base 13) to base 3.
112
What is 530 (base 6) in base 9?
240
What is 344 (base 7) in base 5?
1204
What is 17 (base 11) in base 10?
18
1 (base 16) to base 13
1
Convert 17 (base 9) to base 16.
10
32 (base 7) to base 5
43
Convert -102 (base 4) to base 13.
-15
Convert -14 (base 16) to base 10.
-20
Convert 6 (base 8) to base 14.
6
Convert -16 (base 14) to base 6.
-32
Convert 22 (base 8) to base 9.
20
Convert -210 (base 8) to base 5.
-1021
-3 (base 8) to base 4
-3
106 (base 9) to base 15
5c
What is 43 (base 5) in base 2?
10111
Convert -2d (base 14) to base 13.
-32
Convert 9 (base 11) to base 4.
21
What is 8 (base 10) in base 13?
8
What is -54 (base 6) in base 11?
-31
What is 13 (base 4) in base 2?
111
Convert 7 (base 8) to base 6.
11
What is 70 (base 16) in base 15?
77
What is -5 (base 7) in base 5?
-10
What is 2011 (base 3) in base 14?
42
Convert 22 (base 8) to base 16.
12
4 (base 12) to base 15
4
Convert 36 (base 11) to base 12.
33
-11001111 (base 2) to base 11
-179
-303 (base 8) to base 11
-168
-50 (base 15) to base 5
-300
-2111 (base 4) to base 15
-9e
10 (base 14) to base 7
20
What is -15 (base 9) in base 16?
-e
-2 (base 10) to base 8
-2
What is -85 (base 11) in base 13?
-72
202 (base 3) to base 10
20
-7 (base 10) to base 2
-111
Convert -20 (base 10) to base 7.
-26
-97 (base 13) to base 5
-444
Convert 4 (base 5) to base 3.
11
What is 4 (base 5) in base 11?
4
1 (base 13) to base 3
1
What is 4 (base 11) in base 10?
4
53 (base 6) to base 14
25
What is 101 (base 2) in base 5?
10
15 (base 11) to base 14
12
Convert -54 (base 6) to base 10.
-34
137 (base 10) to base 7
254
What is 49 (base 12) in base 15?
3c
-1 (base 4) to base 5
-1
-2 (base 13) to base 9
-2
-42 (base 13) to base 10
-54
What is -26 (base 8) in base 10?
-22
11 (base 8) to base 6
13
-17 (base 11) to base 6
-30
10 (base 2) to base 5
2
-1000 (base 2) to base 12
-8
What is -10 (base 5) in base 15?
-5
What is c (base 13) in base 10?
12
Convert 40 (base 5) to base 4.
110
Convert -1 (base 13) to base 11.
-1
-2022 (base 3) to base 6
-142
-1 (base 2) to base 11
-1
22 (base 3) to base 4
20
-12 (base 4) to base 11
-6
-10 (base 10) to base 2
-1010
58 (base 9) to base 8
65
10 (base 10) to base 6
14
Convert 5a (base 16) to base 6.
230
Convert -110110 (base 2) to base 9.
-60
Convert 10 (base 3) to base 7.
3
Convert -10 (base 4) to base 14.
-4
-112 (base 3) to base 2
-1110
Convert 12 (base 10) to base 5.
22
14 (base 16) to base 4
110
Convert -26 (base 13) to base 3.
-1012
Convert -31 (base 14) to base 11.
-3a
Convert -26 (base 9) to base 14.
-1a
-1223 (base 4) to base 7
-212
What is -220 (base 5) in base 14?
-44
23 (base 10) to base 9
25
What is 11022 (base 3) in base 9?
138
a (base 13) to base 2
1010
Convert 313 (base 6) to base 2.
1110101
60 (base 7) to base 6
110
Convert 13 (base 13) to base 2.
10000
Convert 23 (base 10) to base 5.
43
What is 2 (base 8) in base 5?
2
Convert 4 (base 5) to base 3.
11
-24 (base 7) to base 16
-12
What is -183 (base 11) in base 4?
-3110
-16 (base 14) to base 4
-110
Convert 54 (base 7) to base 15.
29
What is 1 (base 15) in base 7?
1
What is -120 (base 5) in base 8?
-43
What is -33 (base 9) in base 5?
-110
What is -2 (base 15) in base 2?
-10
Convert -103 (base 12) to base 13.
-b4
Convert 75 (base 8) to base 3.
2021
What is 10 (base 3) in base 16?
3
56 (base 9) to base 5
201
What is -114 (base 10) in base 13?
-8a
Convert 10022 (base 4) to base 10.
266
-1 (base 6) to base 9
-1
Convert -2 (base 6) to base 11.
-2
-5 (base 10) to base 12
-5
Convert 142 (base 7) to base 14.
59
121 (base 5) to base 6
100
What is -3 (base 15) in base 16?
-3
Convert -18 (base 9) to base 8.
-21
10 (base 3) to base 13
3
Convert -33 (base 12) to base 9.
-43
What is -1 (base 12) in base 4?
-1
Convert 51 (base 15) to base 10.
76
Convert -232 (base 9) to base 4.
-2333
-12 (base 11) to base 12
-11
What is 119 (base 11) in base 3?
12020
Convert -101 (base 13) to base 11.
-145
32 (base 5) to base 14
13
What is 11 (base 14) in base 16?
f
What is -167 (base 9) in base 14?
-a2
What is 351 (base 6) in base 13?
a9
What is 20 (base 5) in base 10?
10
-37 (base 9) to base 2
-100010
What is 1 (base 15) in base 11?
1
What is 330 (base 6) in base 4?
1332
87 (base 10) to base 6
223
Convert -1 (base 5) to base 14.
-1
What is 4 (base 7) in base 13?
4
What is -1 (base 8) in base 7?
-1
Convert -7 (base 15) to base 4.
-13
Convert 0 (base 7) to base 6.
0
-1 (base 12) to base 3
-1
What is -4 (base 13) in base 4?
-10
Convert 0 (base 14) to base 7.
0
What is -4 (base 15) in base 14?
-4
What is -2 (base 14) in base 9?
-2
Convert 111 (base 2) to base 10.
7
What is -5 (base 8) in base 15?
-5
What is -1 (base 3) in base 16?
-1
-20 (base 8) to base 12
-14
Convert 110110 (base 2) to base 16.
36
What is 1 (base 11) in base 13?
1
What is 10110 (base 2) in base 4?
112
3 (base 10) to base 4
3
Convert 41 (base 13) to base 2.
110101
What is 1 (base 5) in base 9?
1
Convert -4a (base 13) to base 14.
-46
-237 (base 9) to base 6
-524
Convert -1010 (base 2) to base 13.
-a
What is -4 (base 14) in base 8?
-4
-8 (base 9) to base 7
-11
What is -1000 (base 2) in base 7?
-11
3 (base 14) to base 16
3
5 (base 6) to base 14
5
Convert -3 (base 7) to base 9.
-3
-3 (base 8) to base 3
-10
Convert 1 (base 12) to base 3.
1
2 (base 8) to base 16
2
-12 (base 6) to base 2
-1000
Convert -58 (base 16) to base 4.
-1120
Convert 10 (base 9) to base 10.
9
Convert 101 (base 11) to base 4.
1322
What is -14 (base 12) in base 10?
-16
What is -c2 (base 14) in base 13?
-101
What is 14 (base 5) in base 9?
10
What is 1 (base 6) in base 12?
1
What is -1 (base 4) in base 11?
-1
-14 (base 5) to base 6
-13
What is -51 (base 6) in base 11?
-29
2 (base 9) to base 14
2
-234 (base 9) to base 14
-db
-2 (base 13) to base 16
-2
-4a (base 16) to base 11
-68
-6 (base 8) to base 14
-6
Convert -231 (base 4) to base 12.
-39
Convert -81 (base 9) to base 5.
-243
Convert -4 (base 10) to base 5.
-4
8 (base 16) to base 6
12
What is 78 (base 9) in base 3?
2122
9c (base 14) to base 15
93
-1 (base 16) to base 7
-1
What is 2 (base 3) in base 12?
2
Convert 22 (base 3) to base 6.
12
-88 (base 15) to base 12
-a8
What is 1b (base 12) in base 2?
10111
4 (base 15) to base 5
4
Convert 2 (base 14) to base 7.
2
Convert -8 (base 9) to base 2.
-1000
Convert 1 (base 5) to base 15.
1
15 (base 10) to base 3
120
3 (base 10) to base 7
3
Convert 33 (base 6) to base 7.
30
Convert -100110 (base 2) to base 10.
-38
Convert -10 (base 2) to base 15.
-2
Convert -1 (base 13) to base 12.
-1
0 (base 9) to base 10
0
What is 32 (base 6) in base 2?
10100
What is 15 (base 7) in base 10?
12
What is -156 (base 15) in base 10?
-306
-11 (base 12) to base 11
-12
What is -14 (base 5) in base 2?
-1001
What is -9 (base 11) in base 8?
-11
What is 242 (base 5) in base 10?
72
-225 (base 6) to base 5
-324
132 (base 13) to base 11
181
2 (base 13) to base 2
10
What is 141 (base 6) in base 16?
3d
3 (base 9) to base 5
3
-244 (base 6) to base 10
-100
Convert 5 (base 16) to base 14.
5
1000 (base 2) to base 4
20
What is -4 (base 15) in base 2?
-100
-4 (base 10) to base 7
-4
Convert -12221 (base 3) to base 15.
-aa
Convert 121 (base 7) to base 6.
144
What is 11010 (base 3) in base 9?
133
a (base 12) to base 10
10
What is -17 (base 10) in base 3?
-122
-a7 (base 14) to base 5
-1042
Convert -125 (base 6) to base 9.
-58
What is -12 (base 9) in base 3?
-102
-1 (base 6) to base 9
-1
What is 51 (base 9) in base 3?
1201
-a (base 12) to base 14
-a
Convert -c (base 16) to base 9.
-13
57 (base 10) to base 4
321
-160 (base 12) to base 11
-187
Convert -111 (base 2) to base 4.
-13
What is 265 (base 8) in base 15?
c1
What is 2 (base 9) in base 5?
2
63 (base 7) to base 10
45
Convert 3 (base 16) to base 5.
3
Convert 55 (base 6) to base 16.
23
What is 2 (base 14) in base 4?
2
What is 6a (base 16) in base 12?
8a
What is 1 (base 16) in base 15?
1
Convert -11 (base 2) to base 15.
-3
What is -204 (base 5) in base 2?
-110110
40 (base 9) to base 3
1100
3030 (base 4) to b